t u = -52 - d. What are the prime factors of u?
2
Suppose 92*k = 39997 + 56787. List the prime factors of k.
2, 263
Suppose 0*x = 5*x - 2*a - 2, 5*x + 2*a + 2 = 0. Suppose 0 = -2*p - 2*r + 514, x = -p - 2*r + 4*r + 245. List the prime factors of p.
11, 23
Let n(r) = r**2 + 11*r - 8. Let g be -12 + 0*(1 + 0). Let s be n(g). Suppose -s*l + 16 = -88. What are the prime factors of l?
2, 13
Suppose 5*m - 164 - 39 = -4*y, y = -4*m + 48. Let d = y + -35. List the prime factors of d.
17
Let i(n) = n - 3. Let m(u) = u**2 - 2. Let q(z) = -4*i(z) + 5*m(z). Let h be q(2). Let r = 1 + h. List the prime factors of r.
3, 5
Suppose 18*k - 54890 = -4*k. List the prime factors of k.
5, 499
Let o(f) = -f**2 - 3*f + 7. Let w be o(7). Let b = 14 - w. What are the prime factors of b?
7, 11
Suppose -7*r - 24 = -9*r. Let s be (3/2)/((-9)/r). What are the prime factors of (1 - s) + 39 + 0?
2, 3, 7
List the prime factors of 404 - ((-1)/(-5)*5)/(-1).
3, 5
Let d(u) = 6*u**3 - u**2 - 2*u + 2. Let c = 9 - 8. Let r(v) = v**2 - v. Let z(y) = c*d(y) + r(y). What are the prime factors of z(2)?
2, 11
Suppose -4*f - 2*t = -20, 3*t + 2*t - 11 = 3*f. List the prime factors of 3/(f/10) - 3.
7
Let l = -57 + 61. Suppose 5*m + l*j = 4*m + 53, -3*m + 108 = -5*j. What are the prime factors of m?
41
Let d(h) = -h**2 + 94*h + 34. What are the prime factors of d(46)?
2, 19, 59
Let f = 185 + -30. Suppose -3*x = -2*m - 4*x + f, -3*x = -5*m + 382. List the prime factors of m*1*(9 + -8).
7, 11
Suppose 0 = 17*r - 21*r + 1292. What are the prime factors of r?
17, 19
Let i = -8 - -5. Let n = i - -2. List the prime factors of n - -1 - -8*3.
2, 3
Let v(w) = w**3 - w**2 + w - 4. Let k be v(2). Suppose -272 = -4*s + k*t, 3*t + 280 = 4*s - t. What are the prime factors of s?
2, 3, 11
Let i = 10 + -8. Suppose 0 = -3*k - i*s - 57, 3*s = -2*k - 33. Let o = -11 - k. List the prime factors of o.
2, 5
Let k = -7 + 9. Let g(w) = k + 2*w**2 + 1 - 2 - 5*w. What are the prime factors of g(4)?
13
Let d(p) = -p**3 - 52*p**2 - 58*p - 28. What are the prime factors of d(-52)?
2, 3, 83
Let u = 1040 - 172. Suppose -694 = -4*b + 3*q, 3*b + 2*b = 4*q + u. What are the prime factors of b?
2, 43
Let l be (-54)/5*(-11)/(165/500). Suppose -11*d - 107 + l = 0. List the prime factors of d.
23
Suppose -3*l = -l - 328. Let k = 234 - l. List the prime factors of k.
2, 5, 7
Let c = -701 - -1230. List the prime factors of c.
23
Suppose -d = -3*w - 6, -3*w - 6 = 6*d - d. What are the prime factors of 14/(-21)*393/w?
131
Suppose -3*x + 1369 = -644. List the prime factors of x.
11, 61
Let w(u) = 4*u - 2. Let q be w(-3). Let m(t) = -t**3 - 14*t**2 - t - 11. Let c be m(q). Suppose h - c*b - 53 = 2*b, 5*b + 81 = 2*h. List the prime factors of h.
2, 7
Let t(b) = 15*b + 4. Let f be t(-7). Suppose m - n + 162 = -3*m, -2*n = -4. Let r = m - f. What are the prime factors of r?
61
Let z = -5 - -16. Suppose -4*o = -o - b - z, 0 = 3*b + 15. Suppose 3*q + 2*q = 2*t + 142, 0 = 5*q + o*t - 158. What are the prime factors of q?
2, 3, 5
Suppose -10402 = -21*n - 133. List the prime factors of n.
3, 163
Let a(c) = 8*c + 13. Let m be a(10). Suppose 4*u - 2*u = -3*o + 51, m = 4*u + 3*o. Let x = 18 + u. What are the prime factors of x?
3, 13
Let g = -15 + 14. Let z(k) be the third derivative of -23*k**6/60 - k**3/6 + 8*k**2. List the prime factors of z(g).
3, 5
Suppose 2*p - 6*p + o + 403 = 0, -5*p + 503 = -2*o. List the prime factors of p.
101
Let r(g) be the third derivative of -g**6/120 - g**5/10 - g**4/24 - g**3/3 - 5*g**2. Let m be r(-6). List the prime factors of (m/(-8))/(1/(-48)).
2, 3
Let k(o) = -o**2 + 13*o + 2. Let z be k(13). Suppose c - 114 = -z*c. List the prime factors of c.
2, 19
Suppose 10 = 5*z, -4*d - 22 = -5*d - 5*z. Let b(p) = -p. Let y(u) = 8. Let n(g) = -4*b(g) - 2*y(g). List the prime factors of n(d).
2
Suppose 659*s - 643*s = 25952. What are the prime factors of s?
2, 811
Let l(k) = -4*k**2 - 2*k - 1. Let b be l(-2). Let u(a) = a**3 + 13*a**2 - 6*a + 5. List the prime factors of u(b).
83
Let o(v) = 30*v**2 + 9*v + 20. List the prime factors of o(8).
2, 503
Suppose -4*m = 3*b - 11967, -9*m = -12*m - b + 8974. List the prime factors of m.
3, 997
Suppose -4*d - 32 = 3*r, 2*r = -0*r - 3*d - 21. What are the prime factors of -8*(-4 - 33/r)?
2, 5
Let m = 1363 - 832. What are the prime factors of m?
3, 59
Suppose -f = 3*p - 3252, 5*f = 8*f - 3*p - 9816. What are the prime factors of f?
3, 11
Suppose 3*b + 3*x - 8654 = 79, b + 4*x - 2923 = 0. What are the prime factors of b?
3, 17, 19
Let h = 19 - 15. Let x(d) = h*d + 4*d - 2 + 1 - 3*d. What are the prime factors of x(6)?
29
Suppose l - 45 - 11 = -3*c, 3*l + 5*c = 184. Suppose o + o = -l. Let p = o + 48. List the prime factors of p.
2, 7
Suppose 0 = 4*q - 12, 3*b + 2 = 5*q + 1370. What are the prime factors of b?
461
Let u be 2/(0 + 8/44). List the prime factors of 552/u - (-4)/(-22).
2, 5
Suppose 1640 = -6*o + 16*o. Let i = -206 + 109. Let s = o + i. What are the prime factors of s?
67
Let x = 128 + 49. What are the prime factors of x?
3, 59
Suppose -17 - 1 = -2*b. Suppose 2*s + s = -b. What are the prime factors of 11*(1 + s + 3)?
11
Let g = 33 - 32. List the prime factors of (g - 7/9) + 892/36.
5
Let m(s) = -s**3 + 4*s**2 + 2*s - 6. Let z be m(5). Let k = z - -3. Let u = k - -46. What are the prime factors of u?
2, 7
Let w(h) = 4*h**2 + 11*h + 3. Let u(g) = 7*g**2 + 22*g + 4. Let v(s) = -3*u(s) + 5*w(s). Let b be (-50)/4*12/15. What are the prime factors of v(b)?
13
Suppose -8*c + 22 + 2 = 0. Let v(t) = 2*t**2 - 3*t - 4. Let i be v(c). Suppose i*n - 132 = n. What are the prime factors of n?
3, 11
Let g(z) = -z**2 - 11*z + 27. Let c be g(-13). Let p(j) = j - c + 4*j - 3 - 5. List the prime factors of p(4).
11
Suppose -8*x + 10*x - 16 = 0. Suppose 0 = -12*p + x*p + 320. What are the prime factors of ((-912)/p)/((-1)/5)?
3, 19
What are the prime factors of 1*108/(-1)*(-8)/3?
2, 3
List the prime factors of (2424/(-40))/((-48)/320).
2, 101
Suppose 0*b = -2*b - 3*y + 10, 5*b - 18 = -4*y. Suppose -3*j = -4*u + b*u + 75, 0 = 3*u - j - 123. List the prime factors of u.
2, 3, 7
Let a(m) = 9*m**2 - 6*m - 14. Let t be a(6). Suppose -3*u = -t + 70. List the prime factors of u.
2, 17
List the prime factors of 26190/243 + 1/((-9)/(-2)).
2, 3
Suppose 3*c - 85 = -5*h, -3*c = 2*h - 63 - 7. Let q = 53 + c. What are the prime factors of q?
73
What are the prime factors of 1/(-2)*4*45101/(-34)?
7, 379
Let z = -151 - -70. Let j = z - -159. List the prime factors of j.
2, 3, 13
Let d(z) = z**3 - 10*z**2 + 17*z + 2. List the prime factors of d(12).
2, 13, 19
List the prime factors of (-47)/(2115/(-14742))*(-20)/(-3).
2, 3, 7, 13
Let s = 26 - 14. Let v = 22 - s. List the prime factors of 416/v + (-18)/(-45).
2, 3, 7
Suppose 3*a + z + 767 = 0, -2*a + 0*z = z + 513. Let p = -136 - a. What are the prime factors of p?
2, 59
Let z(u) = u**2 - 2*u - 5. Suppose 5*w - 19 = 16. What are the prime factors of z(w)?
2, 3, 5
Let u be 5/(0 + 1) + -1. Suppose o = 1 - u. Let h(b) = 2*b**2 + 3*b + 3. What are the prime factors of h(o)?
2, 3
Suppose 5*f - 3*f - 8 = 0. Suppose -f*t - 201 = -7*t. List the prime factors of t.
67
Suppose 0*o + 42 = o. What are the prime factors of ((-14)/o)/(1/(-105))?
5, 7
Let h(u) = -2*u**3 + 50*u**2 - 55*u - 10. What are the prime factors of h(23)?
29
List the prime factors of ((-17997)/(-4))/(12/16).
7, 857
Let n be (-4)/3*(0 + -3). Let b = -131 - -134. Suppose 72 = -s + 3*s - n*a, -s + b*a = -39. List the prime factors of s.
2, 3, 5
Suppose 0 = -0*j + j - 3*j. Suppose j = -3*n - 2*n + 520. What are the prime factors of n?
2, 13
Let t = 483 - 825. Let a = -192 - t. Suppose -4*h - 5*w + a = 0, 2*h + w = -0*w + 72. What are the prime factors of h?
5, 7
Let j(q) = q**3 + 2*q**2 - 30*q - 9. What are the prime factors of j(-6)?
3
Let c = 918 - -850. What are the prime factors of c?
2, 13, 17
What are the prime factors of 2/(8/(-12))*-144?
2, 3
Let f be (-321)/(-15) + (-15)/(-25). Let y(m) = -m**2 + 24*m + 18. What are the prime factors of y(f)?
2, 31
Let n(i) = -i**3 + 7*i**2 - 3*i - 4. Let t be ((-4)/(-5))/((-6)/(-15)). Suppose t*u + 1 - 11 = 0. List the prime factors of n(u).
31
Let v(u) = u**3 + 23*u**2 - 3*u. List the prime factors of v(-23).
3, 23
Suppose 11*g - 1805 - 2617 = 0. What are